d(b) = b**3 + 2*b**2 - 15*b + 19. Let h be d(9). Calculate the greatest common factor of 25 and h.
25
Suppose -h - w + 5 = 0, 4*w + 47 - 7 = 2*h. Suppose 5*a = 5*c - 35, -2*c + 17 + 12 = -5*a. What is the greatest common divisor of h and c?
2
Suppose 7*d + 408 = 723. What is the highest common factor of d and 10?
5
Suppose -t - 5798 = -5*p, -37*p - 2314 = -39*p + 3*t. What is the greatest common divisor of p and 40?
40
Suppose -3*j + 0*f + 156 = f, f - 105 = -2*j. Let q(t) = -6*t - 20. Let g be q(-9). Calculate the greatest common factor of g and j.
17
Let m be 7 - ((-90)/(-24) + (-12)/16). Let v be (-1)/(-1)*2*26. Calculate the highest common factor of m and v.
4
Suppose -3*q + 51 = -2*q - 3*s, 4*q - 195 = 3*s. Suppose 177 = -4*u + 225. What is the greatest common divisor of q and u?
12
Let p = 28 - 46. Let a be (5 + 1)/((-3)/p). What is the highest common factor of a and 4?
4
Let b = -3 + 38. Suppose 3*m + r = 22 + 2, 3*m = 4*r + 9. Calculate the highest common divisor of m and b.
7
Let c(j) = 125*j - 809. Let p be c(7). What is the highest common divisor of 1518 and p?
66
Let k be (-12)/((-92)/72 - (-6)/(-27)). Let x be (k - 1) + 8/8. Let r be 72*(3 + (-2)/1). Calculate the highest common divisor of x and r.
8
Let z be 12 - ((8 - 5) + -7). Calculate the highest common divisor of z and 4.
4
Let a(z) = 66*z. Let l be a(3). Let d be 2*(-21)/6 + (133 - 104). Calculate the highest common factor of d and l.
22
Let u = 367 - 327. What is the highest common divisor of u and 120?
40
Let q = -143 + 231. Suppose s = -2*d + 27, d = -2*s + 11 + 10. Calculate the greatest common factor of d and q.
11
Suppose 0 = n + 1 + 1. Let k be -1 - (-7 - (n + -2)). Suppose -936 = -4*s - k*s. What is the greatest common divisor of s and 26?
26
Let k(w) = -43*w - 19. Let o be k(-3). Let v = -326 - -491. What is the highest common divisor of o and v?
55
Suppose 5*z + 3*a - 63 = a, 3*a = -z + 23. Calculate the greatest common divisor of z and 814.
11
Let b be 2289/15 - -6*(-4)/40. What is the highest common divisor of b and 114?
38
Let a(w) = -10*w. Suppose -6*n = 73 - 19. Let o be a(n). Let r = o + -46. Calculate the highest common factor of 66 and r.
22
Let o(m) = -m**3 + 11*m**2 - 22*m + 13. Let h be o(6). Let q = 76 - h. What is the greatest common factor of q and 5?
5
Let y(q) = -3*q**3 - 15*q**2 + 3*q - 3. Let z be y(-7). Suppose n = 4*n - z. Let w be ((-6)/(-4))/(2/24). What is the greatest common divisor of w and n?
18
Let f(s) = -2*s - 9. Let w be f(-12). Let q(n) = -9 - 7*n**3 + n**3 + 10 - n**2. Let c be q(-2). What is the highest common divisor of w and c?
15
Let k be 20/50 - (-99)/15. What is the highest common divisor of 287 and k?
7
Let r(m) = -1 + 1 - 1 - 10 + m. Let w(x) = -x + 1. Let u(b) = 2*r(b) + 6*w(b). Let n be u(-7). Calculate the greatest common factor of n and 72.
12
Let k = -591 + 1123. Calculate the highest common divisor of 19 and k.
19
Let y(q) = q**3 - 7*q**2 - 3*q + 4. Let d(z) = -z. Let l(h) = -6*d(h) - y(h). Let c be l(4). Calculate the highest common factor of c and 20.
20
Let b(p) = 46*p**3 - 5*p**2 + 6*p - 2. Let s be b(2). Let a = s - 133. Calculate the greatest common divisor of a and 25.
25
Let r(o) = -19 + 0*o**2 + o**3 + 0*o - 7*o**2 + 5 + 9*o. Let l be r(6). Suppose t = 4*y + 67, 2*y + 2 + l = 0. Calculate the highest common divisor of 5 and t.
5
Suppose 30*k + 1475 = 12515. Calculate the highest common divisor of 115 and k.
23
Let r(z) = 29*z**2 - 2*z - 1. Let s be -2 + 4 - 1 - 2. Let d be r(s). Suppose 0 = t - 6 - d. Calculate the greatest common factor of 12 and t.
12
Suppose 2*k - 85 = -77. Suppose -402 = -5*o - 2*z, k*o - 197 = 3*z + 120. Calculate the highest common factor of o and 20.
20
Let r(z) = z**3 - 6*z**2 - z + 15. Suppose -2*o + 8 = -3*i, -o - 5*i = -12 - 5. Let h be r(o). Calculate the greatest common divisor of h and 38.
19
Let o = 11 - 8. Suppose 1 + o = -q, 2*f - 60 = 2*q. Suppose 3*z = 4*m - 505, -m - 5*z + 4*z = -135. What is the greatest common factor of f and m?
26
Suppose w - 1 = 1. Suppose -25 = z - w*z + 4*x, 5*z = x + 30. What is the greatest common factor of 45 and z?
5
Let j be (7/(-2))/(8/(-32)). Suppose j - 54 = -5*g. What is the highest common divisor of g and 56?
8
Suppose 4*m = -m + 15. Let l(y) = 3*y**2 + 7*y + 2. Let a be l(-3). Suppose 10 - 34 = -a*u. What is the highest common factor of m and u?
3
Let h be 0/1 - (-1 - 4). Let u = -22 - -62. What is the highest common divisor of h and u?
5
Let q(p) = 5*p - 50. Let d be q(14). What is the highest common factor of 55 and d?
5
Let r be ((-243)/4)/(4 - 105/24). What is the greatest common factor of 18 and r?
18
Let g = -19 + 21. Suppose g*s = 6*s - 12. Suppose s*y = 393 + 255. What is the greatest common factor of y and 27?
27
Suppose -8*f - 84 = -20*f. Calculate the highest common factor of 112 and f.
7
Let b = -168 + 217. What is the highest common divisor of b and 539?
49
Let m(l) = 2*l**2 - 13*l + 92. Let o be m(7). What is the highest common factor of 11 and o?
11
Let t = -20 - -22. Let d(m) = 4*m - 1 - 2 - 1 + 6*m. Let y be d(t). Calculate the greatest common divisor of y and 8.
8
Suppose 8*z - 56 = -6*z. Calculate the highest common factor of z and 52.
4
Suppose 10*b - 11*b = -4*x + 183, 4 = 4*b. What is the greatest common divisor of 529 and x?
23
Suppose -5*w + 13 = g, 2*g = -2*w - g + 13. Let r(o) = 7*o + 1. Let n be r(1). Calculate the greatest common divisor of n and w.
2
Suppose 3*x - 167 + 32 = 0. Let z = -146 + 97. Let u = z + 79. What is the highest common divisor of u and x?
15
Suppose 0 = -2*b + 4*v + 36, -b - 5*v = 2*b - 76. Let o be (85/(-20) + 5)/(1/44). Calculate the greatest common divisor of b and o.
11
Let v be -10*(2 + (-20)/8). What is the greatest common divisor of 485 and v?
5
Suppose 14*h - 31*h + 153 = 0. Suppose 0 = 3*k - 15 - 12. Calculate the greatest common divisor of k and h.
9
Let b = 93 - 63. Suppose 147 + 2028 = 29*i. What is the highest common factor of i and b?
15
Let p be -1 - (4*-4 + 0). Let d be (-30)/p - (-23 - 0). Suppose -4*y - 15 = -9*y. Calculate the highest common divisor of d and y.
3
Suppose q + 2*q - 39 = 0. Suppose -12 = -3*c, 5*s = 3*c + 444 + 464. Suppose 2*v - s = 102. What is the greatest common factor of v and q?
13
Suppose -514 = -q - 2*f, -375*q + 3*f = -373*q - 1056. Let j be 4*(-2)/((-8)/58). Calculate the highest common factor of q and j.
58
Let j = -407 + 425. What is the highest common factor of j and 102?
6
Let b = -853 - -976. Calculate the greatest common divisor of b and 1599.
123
Suppose 3 = -2*o + 5. Suppose -g - 7 = c - 11, 4*c - g = o. Suppose 0 = 3*j - 2*j - 5. Calculate the highest common divisor of c and j.
1
Suppose -645 = -14*h + 783. Calculate the highest common divisor of 6 and h.
6
Let k be 126*30/35*2. What is the highest common factor of k and 8?
8
Suppose -14 = 3*q - 59. Suppose -5*j + m = -12 - 8, -3*j + 5 = -2*m. Calculate the highest common divisor of q and j.
5
Suppose -q - t = -4*q + 13, 4*q - 16 = t. What is the greatest common factor of q and 48?
3
Suppose 0 = 3*y - 9, 2*s + 3*y - 325 = 68. Calculate the greatest common divisor of 64 and s.
64
Let y = 31 + 12. Let w = 23 - y. Let z be (84/15)/((-4)/w). Calculate the highest common divisor of 56 and z.
28
Suppose -132 = 68*a - 71*a. Calculate the highest common factor of a and 616.
44
Suppose -13*n + 2730 = n. What is the greatest common divisor of 221 and n?
13
Suppose 2*z + 33 = 11. Let a = -6 - z. Suppose a*v + 0 = 5. Calculate the greatest common divisor of 4 and v.
1
Let v = 168 - 118. Let p = 52 - v. Calculate the greatest common factor of p and 10.
2
Let f be 14/35 + (-676)/(-10). Suppose -3*l - 4*m = -31, 3*l + 0*l - 56 = m. What is the highest common divisor of l and f?
17
Let j = 302 - 217. What is the greatest common factor of j and 68?
17
Let w be 9126/(-65)*(-10)/4. What is the greatest common divisor of 27 and w?
27
Suppose -25 - 47 = -9*w. What is the highest common divisor of w and 328?
8
Let c(u) = -11*u + 30. Let q(b) = -5*b + 15. Let w(t) = 3*c(t) - 7*q(t). Let f be w(8). Calculate the greatest common factor of 8 and f.
1
Let s(w) be the third derivative of -w**4/24 + 3*w**3/2 - 11*w**2. Let l be s(7). Calculate the highest common divisor of 2 and l.
2
Suppose -20 = -i - 4*j, 2*j = 